 divided by 258.
251
Calculate the remainder when 45768 is divided by 163.
128
What is the remainder when 323598 is divided by 2397?
3
What is the remainder when 577 is divided by 86?
61
What is the remainder when 3177 is divided by 113?
13
Calculate the remainder when 318151 is divided by 93.
91
What is the remainder when 102518 is divided by 94?
58
Calculate the remainder when 1016925 is divided by 198.
195
What is the remainder when 5010 is divided by 37?
15
What is the remainder when 4423 is divided by 11?
1
What is the remainder when 168779 is divided by 116?
115
What is the remainder when 10831 is divided by 1843?
1616
What is the remainder when 541107 is divided by 1061?
1058
What is the remainder when 2936 is divided by 692?
168
What is the remainder when 7266 is divided by 4?
2
Calculate the remainder when 85126 is divided by 2660.
6
What is the remainder when 152172 is divided by 5?
2
Calculate the remainder when 148390 is divided by 338.
8
Calculate the remainder when 17460 is divided by 52.
40
What is the remainder when 4441 is divided by 4419?
22
Calculate the remainder when 10462 is divided by 3454.
100
What is the remainder when 24596 is divided by 769?
757
What is the remainder when 178026 is divided by 27?
15
Calculate the remainder when 17184 is divided by 215.
199
What is the remainder when 96090 is divided by 96080?
10
Calculate the remainder when 278349 is divided by 36.
33
Calculate the remainder when 32694 is divided by 13.
12
What is the remainder when 6740 is divided by 235?
160
Calculate the remainder when 43015 is divided by 306.
175
What is the remainder when 1186205 is divided by 183?
182
Calculate the remainder when 5063 is divided by 722.
9
What is the remainder when 234255 is divided by 16?
15
What is the remainder when 164091 is divided by 189?
39
What is the remainder when 1411 is divided by 390?
241
Calculate the remainder when 2502966 is divided by 52.
50
What is the remainder when 297691 is divided by 432?
43
What is the remainder when 311569 is divided by 155774?
21
What is the remainder when 15031 is divided by 3000?
31
What is the remainder when 13192 is divided by 3289?
36
Calculate the remainder when 3701 is divided by 1038.
587
Calculate the remainder when 23367 is divided by 64.
7
What is the remainder when 9556 is divided by 921?
346
What is the remainder when 354 is divided by 275?
79
What is the remainder when 8087 is divided by 673?
11
What is the remainder when 522 is divided by 21?
18
Calculate the remainder when 73447 is divided by 105.
52
Calculate the remainder when 31955 is divided by 194.
139
Calculate the remainder when 4972 is divided by 13.
6
What is the remainder when 346967 is divided by 82?
25
What is the remainder when 6613 is divided by 3285?
43
What is the remainder when 11674 is divided by 21?
19
What is the remainder when 21934 is divided by 224?
206
Calculate the remainder when 7493 is divided by 3511.
471
What is the remainder when 604990 is divided by 3?
1
What is the remainder when 249 is divided by 9?
6
Calculate the remainder when 3541 is divided by 480.
181
Calculate the remainder when 536 is divided by 271.
265
What is the remainder when 5740 is divided by 1619?
883
Calculate the remainder when 293214 is divided by 44.
42
Calculate the remainder when 80035 is divided by 14.
11
What is the remainder when 4133 is divided by 406?
73
Calculate the remainder when 2678 is divided by 382.
4
Calculate the remainder when 12147 is divided by 2365.
322
What is the remainder when 6584 is divided by 407?
72
Calculate the remainder when 1787 is divided by 519.
230
Calculate the remainder when 940 is divided by 89.
50
What is the remainder when 371964 is divided by 22?
10
What is the remainder when 14682 is divided by 83?
74
What is the remainder when 3013 is divided by 747?
25
What is the remainder when 506166 is divided by 9550?
16
Calculate the remainder when 79755 is divided by 554.
533
What is the remainder when 551674 is divided by 426?
4
Calculate the remainder when 94129 is divided by 63.
7
Calculate the remainder when 140788 is divided by 34.
28
Calculate the remainder when 2261 is divided by 151.
147
What is the remainder when 50303 is divided by 16?
15
What is the remainder when 7677 is divided by 215?
152
What is the remainder when 28797 is divided by 480?
477
Calculate the remainder when 6815 is divided by 470.
235
What is the remainder when 4414 is divided by 322?
228
What is the remainder when 7102 is divided by 654?
562
Calculate the remainder when 1275 is divided by 1262.
13
What is the remainder when 84472 is divided by 427?
353
Calculate the remainder when 545 is divided by 304.
241
Calculate the remainder when 231 is divided by 24.
15
Calculate the remainder when 1845 is divided by 1833.
12
What is the remainder when 44472 is divided by 2607?
153
Calculate the remainder when 20508 is divided by 163.
133
What is the remainder when 7576 is divided by 86?
8
What is the remainder when 927 is divided by 246?
189
What is the remainder when 1282 is divided by 307?
54
Calculate the remainder when 11463 is divided by 39.
36
Calculate the remainder when 1975699 is divided by 17.
10
What is the remainder when 32983 is divided by 1570?
13
Calculate the remainder when 426 is divided by 48.
42
Calculate the remainder when 330310 is divided by 6.
4
What is the remainder when 2053 is divided by 40?
13
What is the remainder when 52889 is divided by 52884?
5
What is the remainder when 360 is divided by 324?
36
Calculate the remainder when 56696 is divided by 59.
56
What is the remainder when 37863 is divided by 326?
47
Calculate the remainder when 74314 is divided by 37156.
2
What is the remainder when 5140 is divided by 1532?
544
What is the remainder when 20302 is divided by 6766?
4
Calculate the remainder when 811342 is divided by 42.
28
What is the remainder when 1405 is divided by 199?
12
Calculate the remainder when 14226 is divided by 309.
12
Calculate the remainder when 6732 is divided by 3041.
650
What is the remainder when 3741 is divided by 52?
49
What is the remainder when 118862 is divided by 34?
32
What is the remainder when 7081 is divided by 421?
345
What is the remainder when 181931 is divided by 45481?
7
What is the remainder when 80650 is divided by 556?
30
What is the remainder when 2742 is divided by 291?
123
What is the remainder when 51430 is divided by 19?
16
What is the remainder when 20071 is divided by 4009?
26
What is the remainder when 349 is divided by 27?
25
Calculate the remainder when 8808 is divided by 4385.
38
What is the remainder when 3359 is divided by 1679?
1
Calculate the remainder when 4605 is divided by 727.
243
What is the remainder when 940 is divided by 331?
278
Calculate the remainder when 63889 is divided by 25.
14
Calculate the remainder when 5517 is divided by 120.
117
Calculate the remainder when 4087597 is divided by 22.
19
What is the remainder when 5322 is divided by 2591?
140
Calculate the remainder when 599 is divided by 59.
9
Calculate the remainder when 134824 is divided by 69.
67
What is the remainder when 438304 is divided by 73?
12
What is the remainder when 1542125 is divided by 62?
61
Calculate the remainder when 427589 is divided by 133.
127
Calculate the remainder when 63848 is divided by 751.
13
What is the remainder when 31140 is divided by 15567?
6
Calculate the remainder when 8693 is divided by 1447.
11
What is the remainder when 256752 is divided by 85578?
18
What is the remainder when 7581 is divided by 2512?
45
What is the remainder when 3154 is divided by 116?
22
Calculate the remainder when 14654 is divided by 16.
14
Calculate the remainder when 505 is divided by 269.
236
What is the remainder when 397354 is divided by 10?
4
What is the remainder when 25567 is divided by 165?
157
Calculate the remainder when 24667 is divided by 3079.
35
Calculate the remainder when 3373 is divided by 224.
13
Calculate the remainder when 1743 is divided by 170.
43
Calculate the remainder when 5378 is divided by 2674.
30
Calculate the remainder when 517 is divided by 91.
62
Calculate the remainder when 884849 is divided by 70.
49
What is the remainder when 1568 is divided by 293?
103
Calculate the remainder when 39054 is divi